is divided by 21?
15
Calculate the remainder when 273 is divided by 70.
63
What is the remainder when 505 is divided by 44?
21
Calculate the remainder when 213 is divided by 68.
9
What is the remainder when 2592 is divided by 77?
51
Calculate the remainder when 53 is divided by 8.
5
What is the remainder when 636 is divided by 628?
8
What is the remainder when 150 is divided by 23?
12
What is the remainder when 695 is divided by 241?
213
Calculate the remainder when 791 is divided by 44.
43
What is the remainder when 503 is divided by 84?
83
What is the remainder when 1004 is divided by 220?
124
What is the remainder when 289 is divided by 49?
44
What is the remainder when 88 is divided by 19?
12
Calculate the remainder when 21555 is divided by 245.
240
What is the remainder when 365 is divided by 46?
43
What is the remainder when 10971 is divided by 13?
12
Calculate the remainder when 146 is divided by 33.
14
Calculate the remainder when 646 is divided by 171.
133
Calculate the remainder when 675 is divided by 83.
11
What is the remainder when 4587 is divided by 85?
82
What is the remainder when 838 is divided by 33?
13
What is the remainder when 98 is divided by 20?
18
Calculate the remainder when 449 is divided by 92.
81
Calculate the remainder when 4380 is divided by 4363.
17
What is the remainder when 3041 is divided by 60?
41
What is the remainder when 137 is divided by 23?
22
What is the remainder when 1233 is divided by 245?
8
What is the remainder when 927 is divided by 36?
27
What is the remainder when 1538 is divided by 110?
108
What is the remainder when 2612 is divided by 13?
12
What is the remainder when 1637 is divided by 10?
7
Calculate the remainder when 113 is divided by 37.
2
Calculate the remainder when 135 is divided by 7.
2
What is the remainder when 370 is divided by 176?
18
What is the remainder when 69 is divided by 24?
21
What is the remainder when 28617 is divided by 30?
27
Calculate the remainder when 3302 is divided by 19.
15
Calculate the remainder when 39 is divided by 8.
7
What is the remainder when 366 is divided by 41?
38
Calculate the remainder when 88 is divided by 32.
24
Calculate the remainder when 4619 is divided by 100.
19
Calculate the remainder when 204 is divided by 9.
6
What is the remainder when 14882 is divided by 451?
450
What is the remainder when 415 is divided by 42?
37
Calculate the remainder when 3605 is divided by 88.
85
Calculate the remainder when 49 is divided by 29.
20
What is the remainder when 1684 is divided by 52?
20
What is the remainder when 844 is divided by 7?
4
Calculate the remainder when 319 is divided by 60.
19
What is the remainder when 20295 is divided by 70?
65
What is the remainder when 162 is divided by 28?
22
Calculate the remainder when 14418 is divided by 70.
68
What is the remainder when 496 is divided by 25?
21
Calculate the remainder when 504 is divided by 29.
11
Calculate the remainder when 359 is divided by 8.
7
Calculate the remainder when 2289 is divided by 79.
77
What is the remainder when 950 is divided by 311?
17
What is the remainder when 21 is divided by 4?
1
Calculate the remainder when 2940 is divided by 2936.
4
Calculate the remainder when 19678 is divided by 80.
78
What is the remainder when 2223 is divided by 114?
57
Calculate the remainder when 4077 is divided by 15.
12
What is the remainder when 860 is divided by 36?
32
What is the remainder when 39 is divided by 30?
9
What is the remainder when 29013 is divided by 156?
153
Calculate the remainder when 2307 is divided by 30.
27
Calculate the remainder when 263 is divided by 84.
11
Calculate the remainder when 1827 is divided by 366.
363
Calculate the remainder when 72 is divided by 11.
6
What is the remainder when 476 is divided by 15?
11
What is the remainder when 1379 is divided by 29?
16
Calculate the remainder when 192 is divided by 7.
3
What is the remainder when 13647 is divided by 195?
192
Calculate the remainder when 654 is divided by 228.
198
Calculate the remainder when 241 is divided by 28.
17
Calculate the remainder when 110 is divided by 29.
23
What is the remainder when 3104 is divided by 3099?
5
What is the remainder when 333 is divided by 14?
11
Calculate the remainder when 133 is divided by 15.
13
Calculate the remainder when 451 is divided by 68.
43
Calculate the remainder when 499 is divided by 111.
55
Calculate the remainder when 386 is divided by 66.
56
What is the remainder when 632 is divided by 92?
80
What is the remainder when 908 is divided by 35?
33
Calculate the remainder when 2199 is divided by 54.
39
Calculate the remainder when 374 is divided by 54.
50
Calculate the remainder when 532 is divided by 195.
142
What is the remainder when 39 is divided by 6?
3
What is the remainder when 1582 is divided by 176?
174
What is the remainder when 405 is divided by 111?
72
Calculate the remainder when 1561 is divided by 174.
169
What is the remainder when 210 is divided by 16?
2
What is the remainder when 534 is divided by 55?
39
Calculate the remainder when 199 is divided by 8.
7
What is the remainder when 405 is divided by 285?
120
What is the remainder when 20669 is divided by 152?
149
What is the remainder when 100 is divided by 94?
6
Calculate the remainder when 10898 is divided by 50.
48
What is the remainder when 457 is divided by 9?
7
Calculate the remainder when 436 is divided by 61.
9
Calculate the remainder when 101 is divided by 19.
6
What is the remainder when 1742 is divided by 352?
334
Calculate the remainder when 340 is divided by 49.
46
Calculate the remainder when 188 is divided by 66.
56
What is the remainder when 40578 is divided by 5?
3
Calculate the remainder when 160 is divided by 41.
37
Calculate the remainder when 201 is divided by 34.
31
What is the remainder when 3014 is divided by 47?
6
What is the remainder when 807 is divided by 116?
111
Calculate the remainder when 2893 is divided by 21.
16
What is the remainder when 145 is divided by 25?
20
What is the remainder when 335 is divided by 119?
97
Calculate the remainder when 416 is divided by 108.
92
What is the remainder when 198 is divided by 13?
3
What is the remainder when 712 is divided by 23?
22
What is the remainder when 964 is divided by 46?
44
What is the remainder when 94 is divided by 14?
10
What is the remainder when 1913 is divided by 35?
23
What is the remainder when 878 is divided by 432?
14
What is the remainder when 11714 is divided by 213?
212
Calculate the remainder when 127 is divided by 20.
7
Calculate the remainder when 4098 is divided by 50.
48
Calculate the remainder when 1004 is divided by 40.
4
What is the remainder when 486 is divided by 457?
29
What is the remainder when 1038 is divided by 407?
224
What is the remainder when 253 is divided by 86?
81
Calculate the remainder when 1766 is divided by 17.
15
Calculate the remainder when 664 is divided by 165.
4
What is the remainder when 187 is divided by 19?
16
Calculate the remainder when 1667 is divided by 128.
3
What is the remainder when 110 is divided by 14?
12
Calculate the remainder when 34 is divided by 26.
8
Calculate the remainder when 51601 is divided by 501.
499
Calculate the remainder when 127 is divided by 26.
23
What is the remainder when 471 is divided by 133?
72
What is the remainder when 143 is divided by 15?
8
What is the remainder when 1014 is divided by 7?
6
Calculate the remainder when 251 is divided by 17.
13
What is the remainder when 214 is divided by 100?
14
What is the remainder when 181 is divided by 14?
13
What is the remainder when 604 is divided by 101?
99
Calculate the remainder when 628 is divided by 37.
36
Calculate the remainder when 184 is divided by 28.
16
What is the remainder when 211 is divided by 120?
91
Calculate the remainder when 2461 is divided by 154.
151
What is the remainder when 374 is divided by 8?
6
What is the remainder when 79 is divided by 27?
25
Calculate the remainder when 165 is divided by 66.
33
Calculate the remainder when 4479 is divided by 27.
24
What is the remainder when 11542 is divided by 8?
6
What is the remainder when 13 is divided by 10?
3
What is the remainder when 316 is divided by 16?
12
Calculate the remainder when 674 is divided by 671.
3
Calculate the 